{"id":1205,"date":"2024-10-22T15:50:11","date_gmt":"2024-10-22T15:50:11","guid":{"rendered":"https:\/\/unikon.wprealizer.com\/?page_id=1205"},"modified":"2026-02-26T01:56:12","modified_gmt":"2026-02-26T01:56:12","slug":"home-5","status":"publish","type":"page","link":"https:\/\/medupro.com.mx\/","title":{"rendered":"Home 5"},"content":{"rendered":"\t\t<div data-elementor-type=\"wp-page\" data-elementor-id=\"1205\" class=\"elementor elementor-1205\">\n\t\t\t\t<div class=\"elementor-element elementor-element-cc5576d e-con-full e-flex e-con e-parent\" data-id=\"cc5576d\" data-element_type=\"container\" data-e-type=\"container\" data-settings=\"{&quot;background_background&quot;:&quot;classic&quot;}\">\n\t\t<div class=\"elementor-element elementor-element-0d14a65 e-flex e-con-boxed e-con e-child\" data-id=\"0d14a65\" data-element_type=\"container\" data-e-type=\"container\">\n\t\t\t\t\t<div class=\"e-con-inner\">\n\t\t<div class=\"elementor-element elementor-element-b4e4a5b e-flex e-con-boxed e-con e-child\" data-id=\"b4e4a5b\" data-element_type=\"container\" data-e-type=\"container\">\n\t\t\t\t\t<div class=\"e-con-inner\">\n\t\t\t\t<div class=\"elementor-element elementor-element-ab1ff33 elementor-invisible elementor-widget elementor-widget-image\" data-id=\"ab1ff33\" data-element_type=\"widget\" data-e-type=\"widget\" data-settings=\"{&quot;_animation&quot;:&quot;fadeInUp&quot;,&quot;_animation_delay&quot;:500}\" data-widget_type=\"image.default\">\n\t\t\t\t\t\t\t\t\t\t\t\t\t\t\t<img fetchpriority=\"high\" decoding=\"async\" width=\"640\" height=\"127\" src=\"https:\/\/medupro.com.mx\/wp-content\/uploads\/2025\/10\/Medupro-logo-border-09-scaled.png\" class=\"attachment-medium_large size-medium_large wp-image-7642\" alt=\"\" \/>\t\t\t\t\t\t\t\t\t\t\t\t\t\t\t<\/div>\n\t\t\t\t\t<\/div>\n\t\t\t\t<\/div>\n\t\t<div class=\"elementor-element elementor-element-288f509 e-con-full e-flex e-con e-child\" data-id=\"288f509\" data-element_type=\"container\" data-e-type=\"container\" data-settings=\"{&quot;background_background&quot;:&quot;gradient&quot;}\">\n\t\t\t\t<div class=\"elementor-element elementor-element-4045e61 elementor-widget elementor-widget-wpr-heading\" data-id=\"4045e61\" data-element_type=\"widget\" data-e-type=\"widget\" data-settings=\"{&quot;tp_anima_type&quot;:&quot;fadeInUp&quot;}\" data-widget_type=\"wpr-heading.default\">\n\t\t\t\t<div class=\"elementor-widget-container\">\n\t\t\t\t\t\n\t\t\n\t\t\t<div class=\"wpr-el-section wpr-align-box section__header-v2 wow fadeInUp\" data-wow-duration=\"1.5s\" data-wow-delay=\"0.3s\">\n\n\t\t\t\t\n\t\t\t\t<h2 class=\"h3 section__title wpr-el-title\"><b> Mayor cuidado, m\u00e1xima eficiencia<\/h2>\n\t\t\t\t\t\t\t\t\t<p class=\"wpr-el-content \">Trabajamos con granos secos y semillas con un estricto control de calidad en el servicio.<\/p>\n\t\t\t\t\n\t\t\t<\/div>\n\n\n\t\t\t\t\t\t<\/div>\n\t\t\t\t<\/div>\n\t\t\t\t<\/div>\n\t\t\t\t\t<\/div>\n\t\t\t\t<\/div>\n\t\t\t\t<\/div>\n\t\t<div class=\"elementor-element elementor-element-ba3490a e-con-full e-flex e-con e-parent\" data-id=\"ba3490a\" data-element_type=\"container\" data-e-type=\"container\">\n\t\t<div class=\"elementor-element elementor-element-4654929 e-con-full e-flex e-con e-child\" data-id=\"4654929\" data-element_type=\"container\" data-e-type=\"container\">\n\t\t\t\t<div class=\"elementor-element elementor-element-69af527 elementor-widget elementor-widget-wpr-heading\" data-id=\"69af527\" data-element_type=\"widget\" data-e-type=\"widget\" data-settings=\"{&quot;tp_anima_type&quot;:&quot;fadeInUp&quot;}\" data-widget_type=\"wpr-heading.default\">\n\t\t\t\t<div class=\"elementor-widget-container\">\n\t\t\t\t\t\n\t\t\n\t\t\t<div class=\"wpr-el-section wpr-align-box section__header-v2 wow fadeInUp\" data-wow-duration=\"1.5s\" data-wow-delay=\"0.3s\">\n\n\t\t\t\t\n\t\t\t\t<h2 class=\"h3 section__title wpr-el-title\"><b> \u00bfQui\u00e9nes somos?<\/h2>\n\t\t\t\t\n\t\t\t<\/div>\n\n\n\t\t\t\t\t\t<\/div>\n\t\t\t\t<\/div>\n\t\t\t\t<\/div>\n\t\t<div class=\"elementor-element elementor-element-1e2e1e0 e-con-full e-flex e-con e-child\" data-id=\"1e2e1e0\" data-element_type=\"container\" data-e-type=\"container\" data-settings=\"{&quot;background_background&quot;:&quot;classic&quot;}\">\n\t\t<div class=\"elementor-element elementor-element-8b44e28 e-con-full e-flex e-con e-child\" data-id=\"8b44e28\" data-element_type=\"container\" data-e-type=\"container\" data-settings=\"{&quot;background_background&quot;:&quot;classic&quot;}\">\n\t\t<div class=\"elementor-element elementor-element-502d911 e-con-full e-flex e-con e-child\" data-id=\"502d911\" data-element_type=\"container\" data-e-type=\"container\" data-settings=\"{&quot;background_background&quot;:&quot;classic&quot;}\">\n\t\t\t\t<div class=\"elementor-element elementor-element-fe4dbb1 elementor-widget elementor-widget-wpr-heading\" data-id=\"fe4dbb1\" data-element_type=\"widget\" data-e-type=\"widget\" data-settings=\"{&quot;tp_anima_type&quot;:&quot;fadeInUp&quot;}\" data-widget_type=\"wpr-heading.default\">\n\t\t\t\t<div class=\"elementor-widget-container\">\n\t\t\t\t\t\n\t\t\n\t\t\t<div class=\"wpr-el-section wpr-align-box section__header-v2 wow fadeInUp\" data-wow-duration=\"1.5s\" data-wow-delay=\"0.3s\">\n\n\t\t\t\t\n\t\t\t\t<h2 class=\"h3 section__title wpr-el-title\"><b> MeduPro<\/h2>\n\t\t\t\t\t\t\t\t\t<p class=\"wpr-el-content \">Empresa Duranguense, mexicana, con experiencia en la prestaci\u00f3n de servicios, nos encargamos de recibir mantener, mejorar, almacenar y embarcar tu producto; as\u00ed como adaptarnos a cada una de tus necesidades.<\/p>\n\t\t\t\t\n\t\t\t<\/div>\n\n\n\t\t\t\t\t\t<\/div>\n\t\t\t\t<\/div>\n\t\t\t\t<\/div>\n\t\t<div class=\"elementor-element elementor-element-dc42ef6 e-con-full e-flex e-con e-child\" data-id=\"dc42ef6\" data-element_type=\"container\" data-e-type=\"container\">\n\t\t\t\t<div class=\"elementor-element elementor-element-fc47a02 elementor-widget elementor-widget-wpr-theme-button\" data-id=\"fc47a02\" data-element_type=\"widget\" data-e-type=\"widget\" data-settings=\"{&quot;tp_button_align&quot;:&quot;center&quot;,&quot;tp_anima_type&quot;:&quot;fadeInUp&quot;}\" data-widget_type=\"wpr-theme-button.default\">\n\t\t\t\t<div class=\"elementor-widget-container\">\n\t\t\t\t\t\n\t\t\n\t\t\t\t\t\t\t<div class=\"wpr-btn-wrapper wow fadeInUp\" data-wow-duration=\"1.5s\" data-wow-delay=\"0.5s\">\n\t\t\t\t\t<a href=\"#mapa\" class=\"common-btn__variation4 common-btn__variation4--extend inline tp-el-btn\">\n\n\t\t\t\t\t\t\n\t\t\t\t\t\t\t\t\t\t\t\t\t<span class=\"theme-btn-text\">Ub\u00edcanos<\/span>\n\t\t\t\t\t\t\n\t\t\t\t\t\t\t\t\t\t\t\t\t    \n                    <span class=\"tp-theme_btn-icon theme-btn-icon on-right\">\n                <i aria-hidden=\"true\" class=\"fal fa-arrow-right\"><\/i>            <\/span>\n        \n    \t\t\t\t\t\t\t\t\t\t\t<\/a>\n\n\t\t\t\t<\/div>\n\t\t\t\n\t\t\n\t\t\t\t<\/div>\n\t\t\t\t<\/div>\n\t\t\t\t<\/div>\n\t\t\t\t<\/div>\n\t\t<div class=\"elementor-element elementor-element-448c305 e-con-full e-flex e-con e-child\" data-id=\"448c305\" data-element_type=\"container\" data-e-type=\"container\">\n\t\t\t\t<div class=\"elementor-element elementor-element-11f5ba6 elementor-invisible elementor-widget elementor-widget-image\" data-id=\"11f5ba6\" data-element_type=\"widget\" data-e-type=\"widget\" data-settings=\"{&quot;_animation&quot;:&quot;fadeIn&quot;,&quot;_animation_delay&quot;:300}\" data-widget_type=\"image.default\">\n\t\t\t\t\t\t\t\t\t\t\t\t\t\t\t<img decoding=\"async\" width=\"1536\" height=\"1024\" src=\"https:\/\/medupro.com.mx\/wp-content\/uploads\/2026\/02\/medupro-durango-frijol.webp\" class=\"attachment-full size-full wp-image-7840\" alt=\"\" \/>\t\t\t\t\t\t\t\t\t\t\t\t\t\t\t<\/div>\n\t\t\t\t<\/div>\n\t\t\t\t<\/div>\n\t\t\t\t<\/div>\n\t\t<div class=\"elementor-element elementor-element-8b2db1b e-con-full e-flex e-con e-parent\" data-id=\"8b2db1b\" data-element_type=\"container\" data-e-type=\"container\" data-settings=\"{&quot;background_background&quot;:&quot;classic&quot;,&quot;shape_divider_top&quot;:&quot;tilt&quot;,&quot;shape_divider_bottom&quot;:&quot;tilt&quot;}\">\n\t\t\t\t<div class=\"elementor-shape elementor-shape-top\" aria-hidden=\"true\" data-negative=\"false\">\n\t\t\t<svg xmlns=\"http:\/\/www.w3.org\/2000\/svg\" viewBox=\"0 0 1000 100\" preserveAspectRatio=\"none\">\n\t<path class=\"elementor-shape-fill\" d=\"M0,6V0h1000v100L0,6z\"\/>\n<\/svg>\t\t<\/div>\n\t\t\t\t<div class=\"elementor-shape elementor-shape-bottom\" aria-hidden=\"true\" data-negative=\"false\">\n\t\t\t<svg xmlns=\"http:\/\/www.w3.org\/2000\/svg\" viewBox=\"0 0 1000 100\" preserveAspectRatio=\"none\">\n\t<path class=\"elementor-shape-fill\" d=\"M0,6V0h1000v100L0,6z\"\/>\n<\/svg>\t\t<\/div>\n\t\t<div class=\"elementor-element elementor-element-dba6246 e-con-full e-flex e-con e-child\" data-id=\"dba6246\" data-element_type=\"container\" data-e-type=\"container\">\n\t\t\t\t<div class=\"elementor-element elementor-element-2e98127 elementor-invisible elementor-widget elementor-widget-image-carousel\" data-id=\"2e98127\" data-element_type=\"widget\" data-e-type=\"widget\" data-settings=\"{&quot;slides_to_show&quot;:&quot;1&quot;,&quot;navigation&quot;:&quot;none&quot;,&quot;autoplay_speed&quot;:2500,&quot;effect&quot;:&quot;fade&quot;,&quot;speed&quot;:1500,&quot;_animation&quot;:&quot;fadeIn&quot;,&quot;autoplay&quot;:&quot;yes&quot;,&quot;pause_on_hover&quot;:&quot;yes&quot;,&quot;pause_on_interaction&quot;:&quot;yes&quot;,&quot;infinite&quot;:&quot;yes&quot;}\" data-widget_type=\"image-carousel.default\">\n\t\t\t\t\t\t\t<div class=\"elementor-image-carousel-wrapper swiper\" role=\"region\" aria-roledescription=\"carousel\" aria-label=\"Image Carousel\" dir=\"ltr\">\n\t\t\t<div class=\"elementor-image-carousel swiper-wrapper\" aria-live=\"off\">\n\t\t\t\t\t\t\t\t<div class=\"swiper-slide\" role=\"group\" aria-roledescription=\"slide\" aria-label=\"1 of 4\"><figure class=\"swiper-slide-inner\"><img decoding=\"async\" class=\"swiper-slide-image\" src=\"https:\/\/medupro.com.mx\/wp-content\/uploads\/2025\/10\/img_car_01-scaled.jpg\" alt=\"img_car_01\" \/><\/figure><\/div><div class=\"swiper-slide\" role=\"group\" aria-roledescription=\"slide\" aria-label=\"2 of 4\"><figure class=\"swiper-slide-inner\"><img decoding=\"async\" class=\"swiper-slide-image\" src=\"https:\/\/medupro.com.mx\/wp-content\/uploads\/2025\/10\/img_car_02-1-scaled.jpg\" alt=\"img_car_02\" \/><\/figure><\/div><div class=\"swiper-slide\" role=\"group\" aria-roledescription=\"slide\" aria-label=\"3 of 4\"><figure class=\"swiper-slide-inner\"><img decoding=\"async\" class=\"swiper-slide-image\" src=\"https:\/\/medupro.com.mx\/wp-content\/uploads\/2025\/10\/img_car_03-1-scaled.jpg\" alt=\"img_car_03\" \/><\/figure><\/div><div class=\"swiper-slide\" role=\"group\" aria-roledescription=\"slide\" aria-label=\"4 of 4\"><figure class=\"swiper-slide-inner\"><img decoding=\"async\" class=\"swiper-slide-image\" src=\"https:\/\/medupro.com.mx\/wp-content\/uploads\/2025\/10\/img_car_04-1-scaled.jpg\" alt=\"img_car_04\" \/><\/figure><\/div>\t\t\t<\/div>\n\t\t\t\t\t\t\t\n\t\t\t\t\t\t\t\t\t<\/div>\n\t\t\t\t\t\t<\/div>\n\t\t\t\t<\/div>\n\t\t<div class=\"elementor-element elementor-element-af5a108 e-con-full e-flex e-con e-child\" data-id=\"af5a108\" data-element_type=\"container\" data-e-type=\"container\" data-settings=\"{&quot;background_background&quot;:&quot;classic&quot;}\">\n\t\t<div class=\"elementor-element elementor-element-a45e5b3 e-con-full e-flex e-con e-child\" data-id=\"a45e5b3\" data-element_type=\"container\" data-e-type=\"container\">\n\t\t\t\t<div class=\"elementor-element elementor-element-389a5c2 elementor-invisible elementor-widget elementor-widget-image\" data-id=\"389a5c2\" data-element_type=\"widget\" data-e-type=\"widget\" data-settings=\"{&quot;_animation&quot;:&quot;fadeIn&quot;,&quot;_animation_delay&quot;:2000}\" data-widget_type=\"image.default\">\n\t\t\t\t\t\t\t\t\t\t\t\t\t\t\t<img decoding=\"async\" src=\"https:\/\/medupro.com.mx\/wp-content\/uploads\/elementor\/thumbs\/granos_01-rd4qse5ufmcpm1sh1eda9smgcqultpj8ryznov3jc0.png\" title=\"granos_01\" alt=\"granos_01\" loading=\"lazy\" \/>\t\t\t\t\t\t\t\t\t\t\t\t\t\t\t<\/div>\n\t\t\t\t<\/div>\n\t\t<div class=\"elementor-element elementor-element-58971a8 e-con-full e-flex elementor-invisible e-con e-child\" data-id=\"58971a8\" data-element_type=\"container\" data-e-type=\"container\" data-settings=\"{&quot;background_background&quot;:&quot;gradient&quot;,&quot;animation&quot;:&quot;fadeInRight&quot;,&quot;animation_delay&quot;:500}\">\n\t\t\t\t<div class=\"elementor-element elementor-element-54980cd elementor-widget elementor-widget-wpr-heading\" data-id=\"54980cd\" data-element_type=\"widget\" data-e-type=\"widget\" data-settings=\"{&quot;tp_anima_type&quot;:&quot;fadeInUp&quot;}\" data-widget_type=\"wpr-heading.default\">\n\t\t\t\t<div class=\"elementor-widget-container\">\n\t\t\t\t\t\n\t\t\n\t\t\t<div class=\"wpr-el-section wpr-align-box section__header-v2 wow fadeInUp\" data-wow-duration=\"1.5s\" data-wow-delay=\"1s\">\n\n\t\t\t\t\n\t\t\t\t<h2 class=\"h3 section__title wpr-el-title\"><b><\/h2>\n\t\t\t\t\t\t\t\t\t<p class=\"wpr-el-content \">Nos caracterizamos por la <b>entrega puntual, manejo optimo y precisi\u00f3n en el peso de tu producto,<\/b> as\u00ed como costos competitivos. Adem\u00e1s, ayudamos a los productores a dar valor agregado a sus cosechas.<\/p>\n\t\t\t\t\n\t\t\t<\/div>\n\n\n\t\t\t\t\t\t<\/div>\n\t\t\t\t<\/div>\n\t\t\t\t<\/div>\n\t\t\t\t<\/div>\n\t\t\t\t<\/div>\n\t\t<div class=\"elementor-element elementor-element-1ed1bea e-con-full e-flex e-con e-parent\" data-id=\"1ed1bea\" data-element_type=\"container\" data-e-type=\"container\">\n\t\t<div class=\"elementor-element elementor-element-215c745 e-con-full e-flex e-con e-child\" data-id=\"215c745\" data-element_type=\"container\" data-e-type=\"container\">\n\t\t\t\t<div class=\"elementor-element elementor-element-4a3b4e4 elementor-widget elementor-widget-wpr-heading\" data-id=\"4a3b4e4\" data-element_type=\"widget\" data-e-type=\"widget\" data-settings=\"{&quot;tp_anima_type&quot;:&quot;fadeInUp&quot;}\" data-widget_type=\"wpr-heading.default\">\n\t\t\t\t<div class=\"elementor-widget-container\">\n\t\t\t\t\t\n\t\t\n\t\t\t<div class=\"wpr-el-section wpr-align-box section__header wow fadeInUp\" data-wow-duration=\"1.5s\" data-wow-delay=\"0.3s\">\n\t\t\t\t<span class=\"section__header-sub-title-frontLine\"><\/span>\n\t\t\t\t<span class=\"wpr-el-subtitle section__header-sub-title-v2\"><\/span>\n\n\t\t\t\t<h2 class=\"wpr-el-title h3 section__header-title-v2--extend\"><b>\u201cDurango, Referente Nacional en Producci\u00f3n de Frijol\u201d<\/h2>\n\t\t\t\t\t\t\t\t\t<p class=\"wpr-el-content \">M\u00e9xico produce cerca de un mill\u00f3n de toneladas de frijol cada a\u00f1o, siendo Zacatecas, Sinaloa, <strong>Durango<\/strong>, Chihuahua y Nayarit los estados l\u00edderes<\/p>\n\t\t\t\t\n\t\t\t<\/div>\n\n\n\n\t\t\t\t\t\t<\/div>\n\t\t\t\t<\/div>\n\t\t\t\t<\/div>\n\t\t<div class=\"elementor-element elementor-element-dacb434 e-con-full e-flex e-con e-child\" data-id=\"dacb434\" data-element_type=\"container\" data-e-type=\"container\" data-settings=\"{&quot;background_background&quot;:&quot;classic&quot;}\">\n\t\t<div class=\"elementor-element elementor-element-86d2cb8 e-con-full e-flex e-con e-child\" data-id=\"86d2cb8\" data-element_type=\"container\" data-e-type=\"container\" data-settings=\"{&quot;background_background&quot;:&quot;classic&quot;}\">\n\t\t\t\t<div class=\"elementor-element elementor-element-29d813e elementor-invisible elementor-widget elementor-widget-image\" data-id=\"29d813e\" data-element_type=\"widget\" data-e-type=\"widget\" data-settings=\"{&quot;_animation&quot;:&quot;fadeIn&quot;,&quot;_animation_delay&quot;:300}\" data-widget_type=\"image.default\">\n\t\t\t\t\t\t\t\t\t\t\t\t\t\t\t<img decoding=\"async\" width=\"1536\" height=\"1024\" src=\"https:\/\/medupro.com.mx\/wp-content\/uploads\/2026\/02\/infomedupro.webp\" class=\"attachment-full size-full wp-image-7839\" alt=\"\" \/>\t\t\t\t\t\t\t\t\t\t\t\t\t\t\t<\/div>\n\t\t\t\t<\/div>\n\t\t\t\t<\/div>\n\t\t\t\t<\/div>\n\t\t<div class=\"elementor-element elementor-element-fc5d042 e-con-full e-flex e-con e-parent\" data-id=\"fc5d042\" data-element_type=\"container\" data-e-type=\"container\" id=\"mapa\" data-settings=\"{&quot;background_background&quot;:&quot;gradient&quot;,&quot;shape_divider_top&quot;:&quot;tilt&quot;,&quot;shape_divider_bottom&quot;:&quot;tilt&quot;}\">\n\t\t\t\t<div class=\"elementor-shape elementor-shape-top\" aria-hidden=\"true\" data-negative=\"false\">\n\t\t\t<svg xmlns=\"http:\/\/www.w3.org\/2000\/svg\" viewBox=\"0 0 1000 100\" preserveAspectRatio=\"none\">\n\t<path class=\"elementor-shape-fill\" d=\"M0,6V0h1000v100L0,6z\"\/>\n<\/svg>\t\t<\/div>\n\t\t\t\t<div class=\"elementor-shape elementor-shape-bottom\" aria-hidden=\"true\" data-negative=\"false\">\n\t\t\t<svg xmlns=\"http:\/\/www.w3.org\/2000\/svg\" viewBox=\"0 0 1000 100\" preserveAspectRatio=\"none\">\n\t<path class=\"elementor-shape-fill\" d=\"M0,6V0h1000v100L0,6z\"\/>\n<\/svg>\t\t<\/div>\n\t\t<div class=\"elementor-element elementor-element-98bbc13 e-con-full e-flex e-con e-child\" data-id=\"98bbc13\" data-element_type=\"container\" data-e-type=\"container\">\n\t\t\t\t<div class=\"elementor-element elementor-element-ef04162 elementor-widget elementor-widget-html\" data-id=\"ef04162\" data-element_type=\"widget\" data-e-type=\"widget\" data-widget_type=\"html.default\">\n\t\t\t\t\t<iframe src=\"https:\/\/www.google.com\/maps\/embed?pb=!1m18!1m12!1m3!1d2249.9904338551305!2d-105.05284634551191!3d24.9036848606202!2m3!1f0!2f0!3f0!3m2!1i1024!2i768!4f13.1!3m3!1m2!1s0x869755cb21132f5d%3A0x49c9a40856e6dab6!2sMEDUPRO%20S.P.R%20DE%20R.L%20DE%20C.V!5e1!3m2!1ses-419!2smx!4v1760371363063!5m2!1ses-419!2smx\" width=\"600\" height=\"450\" style=\"border:0;\" allowfullscreen=\"\" loading=\"lazy\" referrerpolicy=\"no-referrer-when-downgrade\"><\/iframe>\t\t\t\t<\/div>\n\t\t\t\t<\/div>\n\t\t\t\t<\/div>\n\t\t\t\t<\/div>\n\t\t","protected":false},"excerpt":{"rendered":"<p>Mayor cuidado, m\u00e1xima eficiencia Trabajamos con granos secos y semillas con un estricto control de calidad en el servicio. \u00bfQui\u00e9nes somos? MeduPro Empresa Duranguense, mexicana, con experiencia en la prestaci\u00f3n de servicios, nos encargamos de recibir mantener, mejorar, almacenar y embarcar tu producto; as\u00ed como adaptarnos a cada una de tus necesidades. Ub\u00edcanos Nos caracterizamos [&hellip;]<\/p>\n","protected":false},"author":1,"featured_media":0,"parent":0,"menu_order":0,"comment_status":"closed","ping_status":"closed","template":"elementor_header_footer","meta":{"_acf_changed":false,"footnotes":""},"class_list":["post-1205","page","type-page","status-publish","hentry"],"acf":[],"_links":{"self":[{"href":"https:\/\/medupro.com.mx\/index.php\/wp-json\/wp\/v2\/pages\/1205","targetHints":{"allow":["GET"]}}],"collection":[{"href":"https:\/\/medupro.com.mx\/index.php\/wp-json\/wp\/v2\/pages"}],"about":[{"href":"https:\/\/medupro.com.mx\/index.php\/wp-json\/wp\/v2\/types\/page"}],"author":[{"embeddable":true,"href":"https:\/\/medupro.com.mx\/index.php\/wp-json\/wp\/v2\/users\/1"}],"replies":[{"embeddable":true,"href":"https:\/\/medupro.com.mx\/index.php\/wp-json\/wp\/v2\/comments?post=1205"}],"version-history":[{"count":376,"href":"https:\/\/medupro.com.mx\/index.php\/wp-json\/wp\/v2\/pages\/1205\/revisions"}],"predecessor-version":[{"id":7843,"href":"https:\/\/medupro.com.mx\/index.php\/wp-json\/wp\/v2\/pages\/1205\/revisions\/7843"}],"wp:attachment":[{"href":"https:\/\/medupro.com.mx\/index.php\/wp-json\/wp\/v2\/media?parent=1205"}],"curies":[{"name":"wp","href":"https:\/\/api.w.org\/{rel}","templated":true}]}}